29 (base 10) to base 9.
-32
-4 (base 5) to base 3
-11
4a (base 12) to base 13
46
What is -195 (base 12) in base 13?
-16a
What is -56 (base 7) in base 14?
-2d
121 (base 5) to base 11
33
What is -62 (base 16) in base 8?
-142
Convert 2 (base 12) to base 5.
2
Convert 17 (base 12) to base 11.
18
6 (base 9) to base 2
110
Convert 5 (base 9) to base 6.
5
What is -4 (base 8) in base 9?
-4
9a (base 13) to base 14
91
Convert -12 (base 16) to base 14.
-14
Convert -11 (base 8) to base 14.
-9
What is 3 (base 14) in base 4?
3
What is 101 (base 2) in base 10?
5
Convert 60 (base 12) to base 13.
57
-123 (base 6) to base 12
-43
What is -11210 (base 3) in base 13?
-9c
Convert -100 (base 2) to base 7.
-4
104 (base 13) to base 16
ad
Convert -b (base 14) to base 6.
-15
24 (base 5) to base 6
22
Convert 5 (base 12) to base 2.
101
What is -6b (base 12) in base 3?
-10002
Convert -1 (base 9) to base 14.
-1
What is 11 (base 12) in base 10?
13
-d9 (base 14) to base 16
-bf
What is -4b (base 12) in base 14?
-43
Convert 16 (base 16) to base 11.
20
What is -1 (base 6) in base 8?
-1
Convert -212 (base 10) to base 11.
-183
What is 3 (base 6) in base 12?
3
163 (base 12) to base 11
18a
192 (base 15) to base 2
101101010
What is 11 (base 2) in base 10?
3
What is 22 (base 9) in base 16?
14
Convert -1044 (base 5) to base 6.
-405
What is 1 (base 7) in base 10?
1
What is 13 (base 9) in base 5?
22
Convert -a (base 16) to base 15.
-a
What is 11 (base 10) in base 7?
14
Convert 2 (base 5) to base 10.
2
31 (base 16) to base 14
37
Convert -1 (base 14) to base 15.
-1
1 (base 15) to base 5
1
-100 (base 3) to base 13
-9
1000 (base 2) to base 9
8
Convert -234 (base 5) to base 7.
-126
What is 0 (base 12) in base 10?
0
-211 (base 3) to base 11
-20
-5e (base 15) to base 8
-131
Convert 10 (base 8) to base 2.
1000
100111 (base 2) to base 10
39
-100 (base 2) to base 3
-11
What is -23 (base 9) in base 5?
-41
Convert 20 (base 3) to base 4.
12
Convert -30 (base 7) to base 16.
-15
-22 (base 5) to base 2
-1100
What is -5 (base 14) in base 13?
-5
4 (base 13) to base 4
10
Convert -20 (base 3) to base 6.
-10
Convert -c (base 14) to base 2.
-1100
What is 1022 (base 4) in base 15?
4e
Convert -10 (base 4) to base 6.
-4
Convert -53 (base 9) to base 6.
-120
What is 0 (base 12) in base 7?
0
Convert -10000 (base 2) to base 8.
-20
-14 (base 9) to base 5
-23
Convert 0 (base 12) to base 13.
0
What is -12 (base 8) in base 16?
-a
Convert -10 (base 3) to base 11.
-3
2 (base 11) to base 6
2
Convert -80 (base 9) to base 2.
-1001000
What is 312 (base 8) in base 16?
ca
Convert -16 (base 13) to base 7.
-25
0 (base 11) to base 15
0
26 (base 13) to base 14
24
What is 3 (base 4) in base 14?
3
1 (base 3) to base 15
1
a (base 16) to base 5
20
What is -1 (base 11) in base 14?
-1
Convert -70 (base 14) to base 9.
-118
Convert -4 (base 16) to base 10.
-4
What is 4 (base 16) in base 5?
4
7 (base 9) to base 2
111
Convert -89 (base 10) to base 2.
-1011001
0 (base 15) to base 6
0
What is 8 (base 15) in base 14?
8
-3 (base 8) to base 12
-3
263 (base 7) to base 9
168
Convert -222 (base 8) to base 12.
-102
Convert 11011 (base 3) to base 16.
70
What is -7 (base 11) in base 12?
-7
1 (base 13) to base 10
1
197 (base 13) to base 8
445
Convert 31 (base 13) to base 7.
55
-100200 (base 3) to base 12
-199
-4d (base 16) to base 13
-5c
300 (base 4) to base 3
1210
Convert -10 (base 2) to base 13.
-2
What is -43 (base 16) in base 7?
-124
Convert -19 (base 14) to base 16.
-17
What is -3 (base 5) in base 8?
-3
-1 (base 14) to base 3
-1
Convert 3 (base 9) to base 5.
3
Convert 3 (base 9) to base 16.
3
Convert 35 (base 15) to base 7.
101
What is -162 (base 13) in base 2?
-11111001
Convert 6 (base 7) to base 14.
6
Convert 3 (base 5) to base 11.
3
What is 32 (base 14) in base 10?
44
-2 (base 16) to base 6
-2
What is 87 (base 15) in base 13?
9a
What is -42 (base 6) in base 2?
-11010
What is -2 (base 4) in base 10?
-2
-100 (base 8) to base 14
-48
What is 21 (base 3) in base 11?
7
What is 77 (base 13) in base 8?
142
Convert 10100110 (base 2) to base 7.
325
1 (base 7) to base 2
1
Convert -2 (base 3) to base 9.
-2
1 (base 15) to base 3
1
What is -100 (base 8) in base 7?
-121
1d (base 14) to base 8
33
Convert 16 (base 11) to base 14.
13
Convert 67 (base 8) to base 6.
131
Convert -202 (base 6) to base 4.
-1022
-11 (base 4) to base 12
-5
What is 5 (base 10) in base 7?
5
-1110 (base 2) to base 12
-12
-1232 (base 5) to base 7
-363
What is 10 (base 9) in base 13?
9
What is 45 (base 7) in base 12?
29
Convert 14 (base 5) to base 15.
9
Convert 10 (base 4) to base 11.
4
Convert -38 (base 15) to base 2.
-110101
-8 (base 9) to base 16
-8
3 (base 9) to base 12
3
Convert -46 (base 11) to base 6.
-122
Convert -1 (base 16) to base 8.
-1
-3 (base 15) to base 10
-3
-10d (base 15) to base 4
-3232
Convert 36 (base 7) to base 14.
1d
Convert 15 (base 15) to base 10.
20
Convert 0 (base 2) to base 4.
0
-1 (base 8) to base 13
-1
Convert 7 (base 12) to base 14.
7
What is 199 (base 10) in base 3?
21101
What is -100000 (base 3) in base 10?
-243
Convert -2 (base 6) to base 10.
-2
-1 (base 9) to base 11
-1
Convert 3 (base 8) to base 11.
3
Convert -1 (base 5) to base 7.
-1
What is -8 (base 16) in base 3?
-22
Convert -117 (base 9) to base 12.
-81
Convert 13 (base 7) to base 15.
a
214 (base 8) to base 9
165
22021 (base 3) to base 12
167
10 (base 3) to base 8
3
-131 (base 13) to base 16
-d1
What is 1 (base 15) in base 12?
1
What is -67 (base 10) in base 13?
-52
Convert 2 (base 11) to base 7.
2
What is 12 (base 3) in base 8?
5
101 (base 5) to base 6
42
6 (base 13) to base 3
20
What is -8 (base 10) in base 16?
-8
Convert -3 (base 9) to base 3.
-10
What is -28 (base 15) in base 16?
-26
1b (base 15) to base 2
11010
Convert -4a (base 14) to base 9.
-73
-8 (base 9) to base 6
-12
Convert 4 (base 6) to base 11.
4
-c (base 16) to base 4
-30
What is -b (base 16) in base 4?
-23
Convert -300 (base 6) to base 12.
-90
What is -1 (base 5) in base 10?
-1
0 (base 6) to base 13
0
What is 14 (base 14) in base 4?
102
What is -1a (base 12) in base 11?
-20
What is -222 (base 3) in base 12?
-22
Convert 0 (base 8) to base 7.
0
What is -110001 (base 2) in base 5?
-144
What is -a (base 13) in base 5?
-20
What is 111 (base 3) in base 14?
d
-101 (base 4) to base 14
-13
12210 (base 3) to base 7
312
-40 (base 6) to base 10
-24
What is 100111 (base 2) in base 11?
36
What is -29 (base 10) in base 11?
-27
Convert -4 (base 14) to base 6.
-4
-122 (base 3) to base 2
-10001
-6 (base 8) to base 3
-20
3 (base 16) to base 9
3
Convert -101 (base 4) to base 2.
-10001
Convert -4 (base 13) to base 14.
-4
2 (base 9) to base 8
2
Convert 0 (base 4) to base 8.
0
Convert 2201 (base 3) to base 6.
201
What is -1 (base 14) in base 3?
-1
What is -10 (base 2) in base 13?
-2
What is -5 (base 8) in base 14?
-5
1 (base 6) to base 4
1
What is d7 (base 16) in base 2?
11010111
-511 (base 6) to base 11
-160
-1 (base 12) to base 8
-1
What is -11 (base 5) in base 7?
-6
31 (base 6) to base 15
14
Convert 8 (base 10) to base 3.
22
Convert 40 (base 16) to base 2.
1000000
Convert -1 (base 12) to base 5.
-1
1010 (base 2) to base 14
a
What is -1d (base 15) in base 16?
-1c
What is -2320 (base 4) in base 9?
-224
What is -a (base 16) in base 13?
-a
Convert -13 (base 9) to base 3.
-110
0 (base 13) to base 3
0
Convert 11 (base 13) to base 7.
20
What is 9 (base 12) in base 16?
9
22 (base 5) to base 4
30
What is -3 (base 14) in base 5?
-3
What is -223 (base 8) in base 3?
-12110
13 (base 9) to base 8
14
Convert 27 (base 8) to base 12.
1b
-6 (base 13) to base 14
-6
Convert -10 (base 2) to base 8.
-2
Convert 56 (base 12) to base 7.
123
1041 (base 6) to base 16
f1
-3d (base 15) to base 3
-2011
What is -98 (base 13) in base 7?
-236
3 (base 7) to base 6
3
10101 (base 2) to base 3
210
What is -42 (base 11) in base 15?
-31
12 (base 15) to base 8
21
Convert 121 (base 3) to base 15.
11
-12 (base 4) to base 16
-6
-3 (base 7) to base 5
-3
Convert -6 (base 11) to base 3.
-20
113 (base 5) to base 11
30
4 (base 12) to base 9
4
Convert 11 (base 12) to base 16.
d
What is 52 (base 13) in base 8?
103
What is 1 (base 4) in base 13?
1
-2 (base 9) to base 13
-2
4 (base 7) to base 10
4
What is -26 (base 8) in base 13?
-19
Convert 30 (base 13) to base 10.
39
What is 312 (base 4) in base 8?
66
W